f d(-5)?
2, 5, 113
Let s = 66 + 258. What are the prime factors of s?
2, 3
Let n = 1495 - -2253. List the prime factors of n.
2, 937
Let s = 8 + -8. Suppose s*w + 25 = 3*h + w, -h + 4*w = -30. Let f = 13 - h. What are the prime factors of f?
3
Let w = -18 + -13. Let p = w - -15. Let u = p + 33. What are the prime factors of u?
17
Suppose -5*h = -3*y + 610, -218 = 5*y + 4*h - 1284. Suppose 3*b - y = 90. List the prime factors of b.
2, 5
Let n be 0/(6/(-9)*-3). Suppose n = -0*i - i + 2. List the prime factors of 0 + 2 - (-2 + i).
2
Suppose -i - w = -21, 6 = 2*w - 4. Suppose 10*j = i*j - 1086. What are the prime factors of j?
181
Let v(d) = -d**3 - 8*d**2 + 10*d + 11. Let h be v(-9). Let s be (1 - 1/h)*0. Let c = 8 + s. What are the prime factors of c?
2
Let w be (-9)/(-15) - (-652)/5. Let l = w - 67. List the prime factors of l.
2
Let d(p) = -542*p + 1. Let n be d(-1). Let f = n - 374. List the prime factors of f.
13
Let b(m) = -m**2 + 6*m + 577. What are the prime factors of b(0)?
577
Let u = -341 - -409. What are the prime factors of u?
2, 17
Let t = -22 + -27. Let d = t + 102. What are the prime factors of d?
53
List the prime factors of (-23255)/(-45) - 6/(-27).
11, 47
Let b(l) = 3*l + 17. Let f be b(-5). Let j(k) = 7*k**3 - 3*k**2 + 2*k - 3. What are the prime factors of j(f)?
3, 5
Let d be (-10)/(-2) + (1 - -2). Suppose -j + 43 = d. Let l = -14 + j. List the prime factors of l.
3, 7
Suppose 11*p - 12*p = -4*q + 4865, q - 2*p = 1218. What are the prime factors of q?
2, 19
Let t be 4/(-10) + (-285)/(-25). Suppose 0 = 2*p + 3*b - 110, -4*p + 4*b + 209 + t = 0. List the prime factors of p.
5, 11
Let c(k) = 7*k**2 - 6*k + 28. Let u(s) = s**2 - s + 1. Let b(w) = -c(w) + 6*u(w). Let v be b(0). Let g = v + 34. What are the prime factors of g?
2, 3
Let v = -36 - -25. Let f = 14 + v. What are the prime factors of f?
3
Suppose -359*u = -355*u - 124. List the prime factors of u.
31
Let k be (6 - 4)*185/(-2). Let c = -54 - k. What are the prime factors of c?
131
Suppose 8*f = -6*f + 196. Suppose f*s - 12*s = 584. What are the prime factors of s?
2, 73
Let y = 16 - 7. Let o(q) = -2*q + 21. What are the prime factors of o(y)?
3
Let r = 18 - 16. Suppose 0 = r*q - 3*q + 141. Let b = q + -88. List the prime factors of b.
53
Let g(n) = 27*n - 8. Let x be g(4). Suppose -x - 35 = -3*v. What are the prime factors of v?
3, 5
Suppose 3*q - p = 5465, -5*q = -p - 0*p - 9107. What are the prime factors of q?
3, 607
Let g(s) = 2*s**2 + 5*s - 6. Let d(y) = -y**2 - 1. Let h(i) = d(i) + g(i). List the prime factors of h(2).
7
Suppose -51*k = -47*k + 96. List the prime factors of (-3870)/k - (4 + -1)/12.
7, 23
Suppose -527*j = -534*j + 5936. What are the prime factors of j?
2, 53
Let y(w) = -104*w + 85. What are the prime factors of y(-10)?
3, 5
Suppose 4*y - 11*y + 2268 = 0. List the prime factors of y.
2, 3
Let q(n) = -n**2 + 9*n + 9. Let c be q(9). Let b(m) = -m**3 + 10*m**2 + 2*m + 3. List the prime factors of b(c).
2, 3, 17
Let j(w) = 2*w + 17. Let u be j(-8). Let z = 6 - u. Suppose 0 = z*o - 61 - 114. What are the prime factors of o?
5, 7
Suppose -48*v = -44*v + 16, 1371 = f + v. What are the prime factors of f?
5, 11
Suppose -275 = -5*l + 5*d, -2*d = 3*l - 148 - 22. Suppose 4*v - l = 4*p, 0*v + 3*p = -4*v + 28. What are the prime factors of v?
2, 5
Let z(y) be the third derivative of -y**4/12 + 2*y**3/3 + 3*y**2. Let a be z(12). Let t = -4 - a. List the prime factors of t.
2
Let f(r) = r**3 + 7*r**2 - 6*r. Let c be f(-8). Let z = c + 11. What are the prime factors of 16/1 - (-3 - z)?
2, 7
Suppose 0*n - n + 867 = 3*r, -r - 871 = -n. List the prime factors of n.
2, 3, 5, 29
Let c(s) = 4*s**2 - 3*s + 4. Let i = 12 - 6. Suppose 19 + 5 = i*m. What are the prime factors of c(m)?
2, 7
Let w be (18/10)/(9/30). Let v(y) = w*y**2 + 4 + 0*y**2 - 9*y - 4*y**2. List the prime factors of v(6).
2, 11
Suppose 0 = 3*l + 4620 + 753. What are the prime factors of l/(-21) + (-2)/7?
5, 17
Let q = 1986 - 1419. List the prime factors of q.
3, 7
Suppose 4*f = -n + f + 99, -3*f - 477 = -5*n. Let z = n + -58. What are the prime factors of z?
2, 19
Let n(c) be the first derivative of c**4/4 + c**3/3 - c**2/2 + 31*c + 9. List the prime factors of n(0).
31
Let k be 14/4 - (-8)/(-16). Suppose 0 = 2*f + 3*c - 18, -f = k*f - 5*c - 80. What are the prime factors of (-2)/(-5) - (-339)/f?
23
Let n = 592 + -348. What are the prime factors of n?
2, 61
Suppose -14*w = -24*w + 9490. What are the prime factors of w?
13, 73
List the prime factors of (326 + 6)/(4/62).
2, 31, 83
Suppose d - 5*x = 11, d = 4*d - 3*x - 45. Let z = 11 - d. List the prime factors of z*(-4)/(-40)*-26.
13
Let u(o) = 2*o**2 - 8*o + 4. Let y be u(3). List the prime factors of 15 - (-6 + 4 + 4 + y).
3, 5
Let q(l) = 12*l**2 + 6*l - 2. What are the prime factors of q(5)?
2, 41
Suppose 0 = -2*c - 3*s + 791 + 108, 0 = 2*c - 4*s - 864. What are the prime factors of c?
2, 13, 17
Suppose -4*c + 254 = 3*u - 5*c, -u - 4*c + 76 = 0. Let d = -7 - -33. Suppose 3*a + 2*q - u = -3*q, -a - q = -d. What are the prime factors of a?
23
Let y = 895 + -556. List the prime factors of y.
3, 113
Let f be 21/(-35) - 583/(-5). Suppose -2*m + f = 2*d, -3*m = -2*d - 34 + 140. What are the prime factors of d?
2, 7
Let f be 3936/(-21) + (-9)/((-126)/(-8)). Let i = f + 273. List the prime factors of i.
5, 17
Suppose 2*k = -5*s - 22, 5*s + 17 = 4*k - k. Let b be (s - 12/(-4))*-16. Suppose -x + 17 = -b. What are the prime factors of x?
3, 11
What are the prime factors of 37954/30 + 120/(-900)?
5, 11, 23
Suppose -2*a + 12*a - 5270 = 0. List the prime factors of a.
17, 31
Let y = 7 - 15. Let k be y - -4 - -1*1. List the prime factors of 0/1 + (k - -6).
3
Let v(f) = 8*f + 4. Let s be v(-5). Let j be -3 + 3 + (-6 - -3). List the prime factors of s/(-15)*(-10)/j.
2
Suppose -2*h - 5*h = 42. Let d(m) be the third derivative of m**5/60 + m**4/12 + m**3/2 - 2*m**2. What are the prime factors of d(h)?
3
Let i(v) = -v**2 - 5*v - 2. Let o be i(-3). Let q be (-13 - -169) + 22/(-2). Suppose q = x + o*x. List the prime factors of x.
29
Suppose -18 - 1 = -l. Let p = 50 - l. List the prime factors of p.
31
Let a = 1544 + -624. List the prime factors of a.
2, 5, 23
Let p(x) = 94*x + 835. What are the prime factors of p(18)?
7, 19
Let v(k) = -1024*k + 91. What are the prime factors of v(-2)?
3, 23, 31
Suppose 143*f - 146*f = -3297. What are the prime factors of f?
7, 157
Let r(k) be the first derivative of -k**4/4 + 7*k**3/3 - 9*k**2/2 + 18*k + 7. What are the prime factors of r(5)?
23
Let q(p) = 20*p**2 + 34*p**2 + 2*p - 2*p**2 + 21*p**2. What are the prime factors of q(-1)?
71
Let m be -3*(2 - 34/6). Suppose m + 1 = 2*s. Suppose -x = -16 - s. What are the prime factors of x?
2, 11
Let w be 2/8 - (-35)/20. Suppose -w*b = -0*b - 6. Suppose -x = -b, -3*g - 25 = -5*g + 3*x. List the prime factors of g.
17
Let h(f) = 26*f**2 - 5*f - 6. Let s be h(-4). Suppose 2*t + 5*a - s = 0, 3*a = -2*t + 7*t - 1044. What are the prime factors of t?
2, 3, 5, 7
Let f(w) = -w + 2. Let o be f(8). Let v be -9 - (2 - (-5)/5). What are the prime factors of (-304)/v*o/(-4)?
2, 19
Suppose 2*l + 8115 = 5*j, 5*j - 4*l - 8120 = -3*l. List the prime factors of j.
5, 13
What are the prime factors of (-3461)/(-1) - (-14 + 16 + -1)?
2, 5, 173
List the prime factors of (-3241)/(-4) + (-7)/(-84)*-3.
2, 3, 5
Let k(f) = -11*f**3 - 8*f**2 - 13*f + 1. What are the prime factors of k(-4)?
17, 37
Let h = -38 - -7. Let k = -13 - h. What are the prime factors of k?
2, 3
Suppose 11 - 2 = 3*x. Suppose -4*t + 3*v = -825, -t + x*v + 128 + 76 = 0. What are the prime factors of t?
3, 23
Let w(o) = 2*o**3 + 40*o**2 - 43*o + 10. What are the prime factors of w(-14)?
2, 3, 13, 19
Let h(w) = 2 + 25*w**2 - 2 - 2*w + 1. Suppose -3*o = -4*o + 1. List the prime factors of h(o).
2, 3
Let y(m) = 8*m**3 + m. Let k be (2/(-6))/((-1)/12). Suppose 5*u - k = 1. What are the prime factors of y(u)?
3
Let n be (-2 + -67*2)*-3. Suppose -8*i + n = -4*i. What are the prime factors of i?
2, 3, 17
Let h(a) = 7*a + 17. Let u be h(-7). Let c = -32 - u. Suppose c = -4*v + 10 - 2. List the prime factors of v.
2
Let y be (-12)/9*(-15)/2. What are the prime factors of 2436/30 - 2/(y + 0)?
3
Let q be (2*-3)/(-3*10/555). Suppose -u + q = 3*d, 4*u = 3*d - d